5 = m, 0 = 4*w - 4*m - 20. Suppose 4*n - 2*y = 0, -y + w*y = -5*n + 26. Suppose -n*f + 23 = a, 5*a - 3*f + 8*f = 110. Is a prime?
False
Let r(z) = 52*z**2 - 4*z - 1. Suppose 2*x + 16 = -0*x + 2*m, 2*x + 5*m = 19. Is r(x) a composite number?
False
Let b be 2/(-8) + (-4425)/(-20). Suppose 0 = -15*g + 14*g + b. Suppose 2*l - 109 = -0*v + v, 4*l + v = g. Is l composite?
True
Let u(q) = -q**2 + 6*q. Let k be u(5). Suppose k*f - 243 = 1687. Suppose -p + 256 = 5*h, -5*h + 623 = 4*p - f. Is p prime?
True
Let m(q) = 21*q + 9. Let p be m(-6). Let r = p - -520. Is r a composite number?
True
Let z(g) = -g**2 + 7*g - 2. Let d = -34 - -40. Let f be z(d). Suppose f*w - 1248 = -5*s, -s - 1221 = -4*w + 3. Is w composite?
False
Let s(l) = -5*l - 30. Let p be s(-6). Suppose -2*z + 3487 = 2*w - 1169, w + 3*z - 2318 = p. Is w composite?
False
Let b = 53 - 13. Let z(d) = 0 + 7 - 18 + b*d. Is z(4) a prime number?
True
Is (-126917265)/(-4475) - 3*4/30 a prime number?
False
Is 2*(-2019)/(-6) + (-8)/2 prime?
False
Let n be (-8)/20 + (-2)/(-5). Let c = n - -12. Is c + (-7)/((-14)/4) a composite number?
True
Let q be (-1 - 1 - (-9 - 4)) + -2. Is (((-27)/(-3))/(-3))/(q/(-42)) a prime number?
False
Suppose -5*n + 3*n - 2 = 0. Let l be (2 - (-120)/2) + n. Let y = -39 + l. Is y prime?
False
Suppose 4*m - 5788 = -0*m. Suppose d + 9 - 14 = 0. Suppose m = d*s + 4*k, 3*k = 2*s + 2*k - 584. Is s composite?
True
Let b be (3 - (-52)/(-16))*0. Suppose 4*y = -3*o + 18, -3*y - y + 3*o + 30 = b. Is y composite?
True
Let w = 9 - 69. Suppose -152 = -t + 5*t. Let y = t - w. Is y a composite number?
True
Suppose 33670 = 4*x - 2*u, 4*x + u = 18289 + 15378. Is x prime?
False
Suppose 0 = -4*g + v + 5620, g - 1340 - 65 = -2*v. Is g prime?
False
Let m = 13 - 13. Suppose m*g = 2*g + 14. Is (-4)/14 - 1143/g a prime number?
True
Let u = -2694 - -6433. Let r = u - 1406. Is r composite?
False
Let l(m) = 428*m + 99. Is l(13) prime?
False
Let v(p) = -p**2 - 7*p - 8. Let h be v(-6). Let a(b) = 24*b - 4. Let x(o) = 1. Let m(u) = -a(u) - 3*x(u). Is m(h) a prime number?
False
Let s be 4 + -3 + -1 + 64/2. Is (s/(-12) + 2)*(-2874)/4 prime?
True
Is (170453/69)/((-2)/(-6)) a prime number?
True
Let l(y) = 327*y - 5. Let n(w) = 327*w - 5. Let b(q) = -5*l(q) + 4*n(q). Suppose 3*f - 18 = 3*u - 2*f, -12 = 2*u + f. Is b(u) composite?
True
Let d(n) = 7*n**2 - 5. Let r(y) = 13*y**2 - y - 11. Suppose t = -2, 3*t = 3*m + 5 + 4. Let x(c) = m*d(c) + 3*r(c). Is x(-7) composite?
True
Let z(y) = y**2 + 15*y - 13. Let q be z(-16). Suppose -c - 2*c + 6193 = 4*g, -q*g + 4646 = c. Let f = 2742 - g. Is f a prime number?
True
Suppose 12 = 5*i - 48. Suppose -27*x = -23*x - i. Suppose -4*a + 3*m + 70 + 604 = 0, 0 = x*m + 6. Is a a prime number?
True
Let v = -72 - -68. Is ((-3)/9*626)/(v/18) a prime number?
False
Let w = 46408 + 8821. Is w composite?
False
Suppose -5*x + 8356 = -3*w, -31*x + 36*x = -4*w + 8377. Is x composite?
True
Let k(a) = -2*a**2 - a + 1. Let t be k(1). Let x be ((-3)/9)/(t/30). Is 2 + (0 - x) + 254 prime?
True
Is (-2)/12 + 24758*(-4)/(-48) composite?
False
Let i(b) = 61*b**2 - 9*b - 27. Is i(-5) a prime number?
True
Let i(x) = 4*x**2 + 43*x + 31. Let h(o) = -2*o**2 - 21*o - 16. Let v be 21*2*4/(-24). Let m(w) = v*h(w) - 3*i(w). Is m(-13) a prime number?
False
Let r(n) = -n**3 - 13*n**2 - 14*n - 11. Let i be r(-12). Is (0 - -1041) + (i - 15) a prime number?
True
Suppose 4*d = -2112 - 1440. Let h = d + 1433. Is h composite?
True
Is -15 + 5916 + (-4)/(-2) a composite number?
False
Let l be 1*16/6*12. Let i be -8 - 70*(-3 - -2). Let u = l + i. Is u composite?
True
Let x(c) = 37*c + 7. Let z be x(11). Suppose 0 = 5*k + k - z. Is k a composite number?
True
Let c(h) = -87*h**3 - h**2 - 30*h - 35. Is c(-9) prime?
True
Let f be (14/(-35))/((-4)/70). Is (-4090)/(-12) - f/(-42) prime?
False
Suppose -5*k + 1450 = 3*b - 3207, -2*k + 5*b = -1838. Is k a prime number?
True
Let v = -1588 - -1687. Suppose 945 = 2*x - 381. Suppose -v = -6*f + x. Is f a composite number?
False
Is (-1)/((-183384)/(-26198) - 7) composite?
False
Let a = -142 + 153. Suppose 14*p - 10689 = a*p. Is p a prime number?
False
Suppose 7*l - 26072 = 10517. Is l a prime number?
True
Suppose -2236 - 838 = -2*o. Suppose -5*b + o + 1528 = 0. Is b a prime number?
True
Let q(v) = -3 + 2 - v**2 - 2*v + 14*v + 0*v. Suppose 5*r = -2*z + 42, r = 5*z - 0 + 3. Is q(r) composite?
False
Let c be 1*(3 + (-2 - -4)). Suppose 4*x = 3*r - 208 + 659, 0 = c*x + r - 540. Is x a composite number?
False
Let q = 34 + -31. Suppose 22 = q*h - 551. Is h prime?
True
Let k(l) = -77*l + 58. Suppose v + 19 - 10 = 0. Is k(v) a composite number?
False
Suppose -54540 = -5*p - 2*k - 3*k, 2*p - 4*k = 21786. Is p composite?
False
Let x(t) = 4*t**2 + 18*t - 9. Let c be x(18). Let h = c - 1064. Is h a composite number?
False
Let k = 15763 + -2900. Is k a composite number?
True
Suppose -q = 3*b + b + 5841, 0 = -b + 2*q - 1467. Let i = 4660 + b. Is i a composite number?
True
Let y(z) = 5*z - 4. Let w be y(3). Is ((-2)/2 - -2)*(1182 - w) a composite number?
False
Suppose -8 = -4*k - 0*k. Suppose -k*v - 14 = -2*i, 0*i + 3*v = -4*i. Suppose -i*l + 574 + 95 = 0. Is l prime?
True
Suppose 14 = -5*x - 1. Is ((-26)/(-4))/(x/(-42)) a prime number?
False
Let l = -3 + 11. Let k be (5*2)/((-6)/(-6)). Let r = k - l. Is r composite?
False
Let v(p) = p**3 - p**2 - 1. Let x(f) = -27*f**3 - 3*f**2 - 4. Let o(r) = 2*v(r) - x(r). Is o(4) a composite number?
True
Suppose -3*w + 1658 = -w + 2*b, -b = -2*w + 1670. Suppose -2618 = -7*g + w. Is g a composite number?
True
Suppose -231643 = -20*l + 403737. Is l composite?
False
Let z(p) = -2*p**2 + 5*p**3 + 10*p + 0*p**2 - 9*p. Let r be z(1). Suppose r*v + 2*t = 6 + 160, 227 = 5*v - 4*t. Is v a composite number?
False
Is 967/(-9*1/(-9)) a prime number?
True
Let y = 84 + -82. Suppose 5*u = -4*t + 713, 138 + 148 = y*u + 2*t. Is u a composite number?
True
Suppose -8 = -6*k + 28. Suppose 2*h = k*h - 1212. Is h prime?
False
Is ((-32)/96)/((-1)/45219) prime?
True
Let m(a) = 2*a**2 + 19*a + 23. Let g = -18 + 20. Suppose -g*y = 2*y + 48. Is m(y) prime?
True
Suppose 13*v - 7*v = 55014. Is v a composite number?
True
Let v = -75 - -1764. Is v composite?
True
Let p = 812 + 751. Is p a composite number?
True
Suppose 2*t = -3 - 7. Let m(g) = g**2 + 7*g + 7. Let d be m(t). Is 1/d + (-4030)/(-39) composite?
False
Let a(r) = 2013*r**2 + 10*r + 1. Is a(-2) composite?
True
Is -7 - 8/(-24)*4227 composite?
True
Suppose f - 78 = -2*z, z - 2*f = 9 + 20. Let w(m) = -m**2 + 4*m - 4. Let l be w(4). Is z/(20/4 + l) prime?
True
Let j(y) = 2*y + 5. Let u be j(0). Suppose 4*i + u = 25. Suppose 0*l - i*l + 2345 = 0. Is l prime?
False
Suppose -60*j = -71*j + 58003. Is j composite?
False
Suppose 1967 + 1587 = 2*r. Is r a prime number?
True
Let d(x) = -3*x + 7. Let f be d(4). Is (-11216)/40*f/(-1 - -2) a composite number?
True
Let k be ((-2)/(-4) + -2)*3684. Is (-4)/(-14) + k/(-14) a prime number?
False
Suppose -4*y = 5*p - 30869, 5*p = 2*y + 46308 - 15445. Is p a prime number?
True
Suppose -14*l + 23292 = -16174. Is l a composite number?
False
Let g(l) = -4908*l - 5. Is g(-1) a composite number?
False
Let r(f) = -126*f**3 - 3*f**2 - 2*f - 3. Let u(l) = l**2 - 2*l - 2. Let n be u(2). Is r(n) prime?
True
Let g be (3 + 0/2)*2/3. Is (g - 1)/((-4)/(-436)) composite?
False
Let y = 2012 + 487. Let x = 3502 - y. Is x a composite number?
True
Let r = 224 + 627. Is r prime?
False
Suppose 2*c - c - 2225 = 0. Suppose 0 = 4*m + f - c, 0*m + m + 2*f = 551. Is m a prime number?
True
Let b(n) = 2197*n - 58. Is b(17) composite?
True
Suppose -12 = 2*d + 4*n, -20 = 5*n - n. Let u = 463 + d. Is u composite?
False
Suppose 0 = 5*n + 11 - 41. Suppose i = 4*i - n. Suppose -3*t + t + 14 = -4*s, i*t - 46 = -4*s. Is t composite?
True
Let q(r) = -1. Let t(c) = 143*c**2 - 6*c - 3. Let g(s) = q(s) + t(s). Is g(5) prime?
True
Let o = 25 + -10. Let a(l) = 39*l - 20. Is a(o) a prime number?
False
Let h(k) = 14*k**2 + 30*k + 5. Let b(c) = 13*c**2 + 30*c + 6. Let p(j) = -4*b(j) + 5*h(j). Is p(-9) composite?
True
Suppose 0 = 8*y - 5*y + 2856. Let g = y + 2174. Suppose 0*a = -2*a + g. Is a a prime number?
False
Suppose -o + 3*k + 1815 + 2281 = 0, -o + 5*k + 4094 = 0. Is o prime?
True
Let x(o) be the first derivative of o**4/12 + o**3 - 2*